{"id":5845,"date":"2025-12-13T18:03:12","date_gmt":"2025-12-13T17:03:12","guid":{"rendered":"https:\/\/lerumsbk.se\/?post_type=product&#038;p=5845"},"modified":"2026-02-13T12:32:07","modified_gmt":"2026-02-13T11:32:07","slug":"vardagslydnad","status":"publish","type":"product","link":"https:\/\/lerumsbk.se\/index.php\/produkt\/vardagslydnad\/","title":{"rendered":"Vardagslydnad"},"content":{"rendered":"<p>Denna kurs \u00e4r t\u00e4nkt f\u00f6r er som g\u00e5tt valp, nyb\u00f6rjarkurs eller motsvarande och<br \/>\nvill tr\u00e4na vidare. Vi forts\u00e4tter att bygga samarbete mellan dig och din hund<br \/>\nf\u00f6r en trivsam vardag tillsammans.<br \/>\nVi arbetar vidare med grund\u00f6vningar som tex kontakt, inkallning, g\u00e5 fint i koppel, passivitet\/stadga och hundm\u00f6ten f\u00f6r en god allm\u00e4nlydnad. Vi l\u00e4gger p\u00e5 st\u00f6rningar utifr\u00e5n din hunds niv\u00e5.<br \/>\nVi kommer ocks\u00e5 att fokusera p\u00e5 aktiverings\u00f6vningar som aktiverar din hund mentalt och bla. syftar till att skapa en bra relation mellan dig och din hund.<\/p>\n<p>F\u00f6r hundar fr\u00e5n 6 m\u00e5nader och upp\u00e5t.<\/p>\n<p><strong>F\u00f6rkunskaper:\u00a0<\/strong>Denna kurs \u00e4r t\u00e4nkt f\u00f6r er som g\u00e5tt valp,<br \/>\nnyb\u00f6rjarkurs eller motsvarande men har du inte dessa f\u00f6rkunskaper \u00e4r du v\u00e4lkommen \u00e4nd\u00e5.<\/p>\n<p><strong>Plats:<\/strong>\u00a0\u00a0Lerums Brukshundsklubb<\/p>","protected":false},"excerpt":{"rendered":"<p>Denna kurs \u00e4r t\u00e4nkt f\u00f6r er som g\u00e5tt valp, nyb\u00f6rjarkurs eller motsvarande och vill tr\u00e4na vidare. Vi forts\u00e4tter att bygga samarbete mellan dig och din hund f\u00f6r en trivsam vardag tillsammans. Vi arbetar vidare med grund\u00f6vningar som tex kontakt, inkallning, g\u00e5 fint i koppel, passivitet\/stadga och hundm\u00f6ten f\u00f6r en god allm\u00e4nlydnad. Vi l\u00e4gger p\u00e5 st\u00f6rningar &hellip; <\/p>\n<p class=\"link-more\"><a href=\"https:\/\/lerumsbk.se\/index.php\/produkt\/vardagslydnad\/\" class=\"more-link\">Forts\u00e4tt l\u00e4sa<span class=\"screen-reader-text\"> \u201dVardagslydnad\u201d<\/span><\/a><\/p>\n","protected":false},"featured_media":5598,"template":"","meta":[],"product_brand":[],"product_cat":[25],"product_tag":[],"class_list":{"0":"post-5845","1":"product","2":"type-product","3":"status-publish","4":"has-post-thumbnail","6":"product_cat-kurser","8":"first","9":"outofstock","10":"sold-individually","11":"shipping-taxable","12":"purchasable","13":"product-type-simple"},"_links":{"self":[{"href":"https:\/\/lerumsbk.se\/index.php\/wp-json\/wp\/v2\/product\/5845","targetHints":{"allow":["GET"]}}],"collection":[{"href":"https:\/\/lerumsbk.se\/index.php\/wp-json\/wp\/v2\/product"}],"about":[{"href":"https:\/\/lerumsbk.se\/index.php\/wp-json\/wp\/v2\/types\/product"}],"wp:featuredmedia":[{"embeddable":true,"href":"https:\/\/lerumsbk.se\/index.php\/wp-json\/wp\/v2\/media\/5598"}],"wp:attachment":[{"href":"https:\/\/lerumsbk.se\/index.php\/wp-json\/wp\/v2\/media?parent=5845"}],"wp:term":[{"taxonomy":"product_brand","embeddable":true,"href":"https:\/\/lerumsbk.se\/index.php\/wp-json\/wp\/v2\/product_brand?post=5845"},{"taxonomy":"product_cat","embeddable":true,"href":"https:\/\/lerumsbk.se\/index.php\/wp-json\/wp\/v2\/product_cat?post=5845"},{"taxonomy":"product_tag","embeddable":true,"href":"https:\/\/lerumsbk.se\/index.php\/wp-json\/wp\/v2\/product_tag?post=5845"}],"curies":[{"name":"wp","href":"https:\/\/api.w.org\/{rel}","templated":true}]}}