{"id":5776,"date":"2025-12-07T20:15:09","date_gmt":"2025-12-07T19:15:09","guid":{"rendered":"https:\/\/lerumsbk.se\/?post_type=product&#038;p=5776"},"modified":"2026-03-24T20:51:34","modified_gmt":"2026-03-24T19:51:34","slug":"rallylydnad-alla-klasser-3","status":"publish","type":"product","link":"https:\/\/lerumsbk.se\/index.php\/produkt\/rallylydnad-alla-klasser-3\/","title":{"rendered":"Rallylydnad alla klasser"},"content":{"rendered":"<p>Vi har g\u00e5tt instrukt\u00f6rsutbildning till rallylydnadsinstrukt\u00f6rer under vintern och nu vill vi g\u00e4rna h\u00e5lla kurs f\u00f6r er<\/p>\r\n<p>Kursen startar tisdag 24\/3<\/p>\r\n\r\n\r\n\r\n<p><strong>Tisdagar:<\/strong> 31\/3, 7\/4, 14\/4, 21\/4, 28\/4<\/p>\r\n\r\n\r\n\r\n<p><strong>Tid:<\/strong> 18:00-19:30<\/p>\r\n\r\n\r\n\r\n<p>Instrukt\u00f6rer f\u00f6r kurserna: Yvonne Edlund, Katrin Karnblad, Malin Paepke<\/p>\r\n<p><strong>Kurskostnad: 1500:- + medlemskap i Lerums Brukshundklubb.<\/strong> Plats f\u00f6r kursen: Lerums Brukshundklubb.<\/p>\r\n\r\n\r\n\r\n<p>Skriv i anm\u00e4lan vilken niv\u00e5 du vill g\u00e5. <br \/><strong>Nyb\u00f6rjare:<\/strong> Ska ha grundl\u00e4ggande kunskap i allm\u00e4nlydnad, kunna g\u00e5 fint i koppel, kunna sitt, ligg,st\u00e5 samt ha fin kontakt. <br \/><strong>Forts\u00e4ttning:<\/strong> Ska ha fin f\u00f6ljsamhet och samarbetsf\u00f6rm\u00e5ga, kunna enskilt g\u00e5 l\u00f6s under momenttr\u00e4ning. <br \/><strong>Avancerad\/M\u00e4stare<\/strong>: Ska ha god k\u00e4nnedom om skyltar i nyb\u00f6rjar och forts\u00e4ttningsklass. Vi tr\u00e4nar mycket p\u00e5 h\u00f6gerhandling och \u00e4nnu b\u00e4ttre f\u00f6ljsamhet.<\/p>\r\n\r\n\r\n\r\n<p>Vi anpassar grupperna efter antal anm\u00e4lda.<\/p>\r\n\r\n\r\n\r\n<p>Kursavgift betalas via stripe i kursanm\u00e4lan. Medlemsavgift ska vara betald f\u00f6re kursstart, den betalas direkt till SBK.<\/p>\r\n\r\n\r\n\r\n<p>Vid fr\u00e5gor kontakta:<br \/><span style=\"font-size: 1rem;\">Katrin Karnblad:\u00a0<\/span>&#x6b;&#x61;&#x74;&#x72;&#x69;&#x6e;&#x6b;&#x61;&#x72;&#x6e;&#x62;&#x6c;&#x61;&#x64;&#x40;<span class=\"oe_displaynone\">null<\/span>&#x68;&#x6f;&#x74;&#x6d;&#x61;&#x69;&#x6c;&#x2e;&#x63;&#x6f;&#x6d;<br \/><span style=\"font-size: 1rem;\">Malin Paepke: &#x6d;&#x61;&#x6c;&#x69;&#x6e;&#x2e;&#x70;&#x61;&#x65;&#x70;&#x6b;&#x65;&#x40;<span class=\"oe_displaynone\">null<\/span>&#x67;&#x6d;&#x61;&#x69;&#x6c;&#x2e;&#x63;&#x6f;&#x6d;<br \/>Yvonne Edlund:\u00a0<\/span>&#x79;&#x76;&#x6f;&#x6e;&#x6e;&#x65;&#x65;&#x64;&#x6c;&#x75;&#x6e;&#x64;&#x31;&#x40;<span class=\"oe_displaynone\">null<\/span>&#x67;&#x6d;&#x61;&#x69;&#x6c;&#x2e;&#x63;&#x6f;&#x6d;<\/p>\r\n\r\n\r\n\r\n<p>&nbsp;<\/p>\r\n\r\n\r\n\r\n<p>&nbsp;<\/p>","protected":false},"excerpt":{"rendered":"<p>Vi har g\u00e5tt instrukt\u00f6rsutbildning till rallylydnadsinstrukt\u00f6rer under vintern och nu vill vi g\u00e4rna h\u00e5lla kurs f\u00f6r er Kursen startar tisdag 24\/3 Tisdagar: 31\/3, 7\/4, 14\/4, 21\/4, 28\/4 Tid: 18:00-19:30 Instrukt\u00f6rer f\u00f6r kurserna: Yvonne Edlund, Katrin Karnblad, Malin Paepke Kurskostnad: 1500:- + medlemskap i Lerums Brukshundklubb. Plats f\u00f6r kursen: Lerums Brukshundklubb. Skriv i anm\u00e4lan vilken niv\u00e5 &hellip; <\/p>\n<p class=\"link-more\"><a href=\"https:\/\/lerumsbk.se\/index.php\/produkt\/rallylydnad-alla-klasser-3\/\" class=\"more-link\">Forts\u00e4tt l\u00e4sa<span class=\"screen-reader-text\"> \u201dRallylydnad alla klasser\u201d<\/span><\/a><\/p>\n","protected":false},"featured_media":5378,"template":"","meta":[],"product_brand":[],"product_cat":[25],"product_tag":[],"class_list":{"0":"post-5776","1":"product","2":"type-product","3":"status-publish","4":"has-post-thumbnail","6":"product_cat-kurser","8":"first","9":"instock","10":"sold-individually","11":"shipping-taxable","12":"purchasable","13":"product-type-simple"},"_links":{"self":[{"href":"https:\/\/lerumsbk.se\/index.php\/wp-json\/wp\/v2\/product\/5776","targetHints":{"allow":["GET"]}}],"collection":[{"href":"https:\/\/lerumsbk.se\/index.php\/wp-json\/wp\/v2\/product"}],"about":[{"href":"https:\/\/lerumsbk.se\/index.php\/wp-json\/wp\/v2\/types\/product"}],"wp:featuredmedia":[{"embeddable":true,"href":"https:\/\/lerumsbk.se\/index.php\/wp-json\/wp\/v2\/media\/5378"}],"wp:attachment":[{"href":"https:\/\/lerumsbk.se\/index.php\/wp-json\/wp\/v2\/media?parent=5776"}],"wp:term":[{"taxonomy":"product_brand","embeddable":true,"href":"https:\/\/lerumsbk.se\/index.php\/wp-json\/wp\/v2\/product_brand?post=5776"},{"taxonomy":"product_cat","embeddable":true,"href":"https:\/\/lerumsbk.se\/index.php\/wp-json\/wp\/v2\/product_cat?post=5776"},{"taxonomy":"product_tag","embeddable":true,"href":"https:\/\/lerumsbk.se\/index.php\/wp-json\/wp\/v2\/product_tag?post=5776"}],"curies":[{"name":"wp","href":"https:\/\/api.w.org\/{rel}","templated":true}]}}