{"id":786,"date":"2022-04-04T15:58:47","date_gmt":"2022-04-04T14:58:47","guid":{"rendered":"https:\/\/lerumsbk.se\/?page_id=786"},"modified":"2022-04-04T16:21:21","modified_gmt":"2022-04-04T15:21:21","slug":"786-2","status":"publish","type":"page","link":"https:\/\/lerumsbk.se\/index.php\/786-2\/","title":{"rendered":"Ringtr\u00e4ning"},"content":{"rendered":"<figure class=\"wp-block-image size-full is-resized\"><img loading=\"lazy\" decoding=\"async\" src=\"https:\/\/lerumsbk.se\/wp-content\/uploads\/2022\/04\/gosta2.jpg\" alt=\"\" class=\"wp-image-794\" width=\"360\" height=\"288\" srcset=\"https:\/\/lerumsbk.se\/wp-content\/uploads\/2022\/04\/gosta2.jpg 900w, https:\/\/lerumsbk.se\/wp-content\/uploads\/2022\/04\/gosta2-350x280.jpg 350w, https:\/\/lerumsbk.se\/wp-content\/uploads\/2022\/04\/gosta2-300x240.jpg 300w, https:\/\/lerumsbk.se\/wp-content\/uploads\/2022\/04\/gosta2-768x614.jpg 768w\" sizes=\"auto, (max-width: 360px) 100vw, 360px\" \/><figcaption>G\u00e4ller att st\u00e5 fint framf\u00f6r domaren<\/figcaption><\/figure>\n\n\n\n<p><strong>Ringtr\u00e4ning\/handlertr\u00e4ning.<\/strong><br>Vill du tr\u00e4na inf\u00f6r Lerums bks utst\u00e4llning och sommarens kommande utst\u00e4llningar, d\u00e5 \u00e4r du v\u00e4lkommen till v\u00e5rt <strong>Drop In <\/strong>p\u00e5 klubben den <br>27  april<br>4 maj<br>25 maj<br>1 juni.<br>Onsdagar kl 17.30 &#8211; 19.00.<br><strong>F\u00f6ranm\u00e4lan <\/strong>via sms till 0703407737 eller i inbjudan p\u00e5 klubbens fb-sida inf\u00f6r varje g\u00e5ng .<br>Avgift 100kr per ekipage och tillf\u00e4lle. <br>V\u00e5r inriktning \u00e4r att tr\u00e4na dig och din hund om hur det g\u00e5r till p\u00e5 utst\u00e4llning, dvs domaren ska kunna ta i hunden, titta p\u00e5 t\u00e4nderna mm. Hunden ska kunna g\u00e5 koncentrerat i ringen b\u00e5de med andra hundar och ensam. Vi g\u00e5r igenom hur man ska g\u00e5, vad domaren tittar p\u00e5 mm mm. Vi f\u00f6rs\u00f6ker \u00e4ven svara p\u00e5 era fr\u00e5gor efter b\u00e4sta f\u00f6rm\u00e5ga.<\/p>\n\n\n\n<p>Hj\u00e4rtligt v\u00e4lkomna<br><strong> Lena Sundberg och Anita Skoglund <\/strong><br><\/p>\n\n\n\n<p><\/p>","protected":false},"excerpt":{"rendered":"<p>Ringtr\u00e4ning\/handlertr\u00e4ning.Vill du tr\u00e4na inf\u00f6r Lerums bks utst\u00e4llning och sommarens kommande utst\u00e4llningar, d\u00e5 \u00e4r du v\u00e4lkommen till v\u00e5rt Drop In p\u00e5 klubben den 27 april4 maj25 maj1 juni.Onsdagar kl 17.30 &#8211; 19.00.F\u00f6ranm\u00e4lan via sms till 0703407737 eller i inbjudan p\u00e5 klubbens fb-sida inf\u00f6r varje g\u00e5ng .Avgift 100kr per ekipage och tillf\u00e4lle. V\u00e5r inriktning \u00e4r att tr\u00e4na &hellip; <\/p>\n<p class=\"link-more\"><a href=\"https:\/\/lerumsbk.se\/index.php\/786-2\/\" class=\"more-link\">Forts\u00e4tt l\u00e4sa<span class=\"screen-reader-text\"> \u201dRingtr\u00e4ning\u201d<\/span><\/a><\/p>\n","protected":false},"author":3,"featured_media":0,"parent":0,"menu_order":0,"comment_status":"closed","ping_status":"closed","template":"","meta":{"footnotes":"","_wp_rev_ctl_limit":""},"class_list":["post-786","page","type-page","status-publish","hentry"],"_links":{"self":[{"href":"https:\/\/lerumsbk.se\/index.php\/wp-json\/wp\/v2\/pages\/786","targetHints":{"allow":["GET"]}}],"collection":[{"href":"https:\/\/lerumsbk.se\/index.php\/wp-json\/wp\/v2\/pages"}],"about":[{"href":"https:\/\/lerumsbk.se\/index.php\/wp-json\/wp\/v2\/types\/page"}],"author":[{"embeddable":true,"href":"https:\/\/lerumsbk.se\/index.php\/wp-json\/wp\/v2\/users\/3"}],"replies":[{"embeddable":true,"href":"https:\/\/lerumsbk.se\/index.php\/wp-json\/wp\/v2\/comments?post=786"}],"version-history":[{"count":0,"href":"https:\/\/lerumsbk.se\/index.php\/wp-json\/wp\/v2\/pages\/786\/revisions"}],"wp:attachment":[{"href":"https:\/\/lerumsbk.se\/index.php\/wp-json\/wp\/v2\/media?parent=786"}],"curies":[{"name":"wp","href":"https:\/\/api.w.org\/{rel}","templated":true}]}}