{"id":6109,"date":"2026-04-15T18:49:14","date_gmt":"2026-04-15T16:49:14","guid":{"rendered":"https:\/\/lerumsbk.se\/?page_id=6109"},"modified":"2026-04-15T18:52:54","modified_gmt":"2026-04-15T16:52:54","slug":"sparkurs","status":"publish","type":"page","link":"https:\/\/lerumsbk.se\/index.php\/sparkurs\/","title":{"rendered":"Sp\u00e5rkurs"},"content":{"rendered":"<figure class=\"wp-block-image size-full is-resized\"><img loading=\"lazy\" decoding=\"async\" width=\"480\" height=\"640\" src=\"https:\/\/lerumsbk.se\/wp-content\/uploads\/2026\/02\/BILD-NILLA-GARBO-JANTA-rotated.jpg\" alt=\"\" class=\"wp-image-6017\" style=\"aspect-ratio:0.750020632169679;width:312px;height:auto\" srcset=\"https:\/\/lerumsbk.se\/wp-content\/uploads\/2026\/02\/BILD-NILLA-GARBO-JANTA-rotated.jpg 480w, https:\/\/lerumsbk.se\/wp-content\/uploads\/2026\/02\/BILD-NILLA-GARBO-JANTA-225x300.jpg 225w, https:\/\/lerumsbk.se\/wp-content\/uploads\/2026\/02\/BILD-NILLA-GARBO-JANTA-350x467.jpg 350w\" sizes=\"auto, (max-width: 480px) 100vw, 480px\" \/><\/figure>\n\n\n\n<p>F\u00f6r dig och din hund, oavsett ras, \u00e5lder, nyb\u00f6rjare, eller vilken niv\u00e5 ni \u00e4r p\u00e5, Apell, l\u00e4gre, h\u00f6gre eller Elit, s\u00e5 \u00e4r det individuell tr\u00e4ning som g\u00e4ller!<\/p>\n\n\n\n<p>Har ni st\u00f6tt p\u00e5 problem i sp\u00e5ret?  Eller vill ni enbart komma till nya marker med nya utmaningar!&nbsp; Oavsett s\u00e5 tr\u00e4nar vi efter dina \u00f6nskem\u00e5l!<\/p>\n\n\n\n<p><strong>Datum<\/strong>: L\u00f6rdagar 23\/5, 30\/5, 6\/6<\/p>\n\n\n\n<p><strong>Tid<\/strong>: 09:00 &#8211; ca 13:00<\/p>\n\n\n\n<p><strong>Plats:<\/strong> Lindome<\/p>\n\n\n\n<p><strong>Antal deltagare:<\/strong>&nbsp;6 st<\/p>\n\n\n\n<p><strong>Instrukt\u00f6r<\/strong>: Nilla Lindstr\u00f6m<\/p>\n\n\n\n<p><strong>Pris<\/strong>: 1700 kr + medlemskap i Lerums Brukshundsklubb<\/p>\n\n\n\n<p><a href=\"https:\/\/lerumsbk.se\/index.php\/produkt\/sparkurs\/\" target=\"_blank\" rel=\"noreferrer noopener\">Anm\u00e4l h\u00e4r-><\/a><\/p>","protected":false},"excerpt":{"rendered":"<p>F\u00f6r dig och din hund, oavsett ras, \u00e5lder, nyb\u00f6rjare, eller vilken niv\u00e5 ni \u00e4r p\u00e5, Apell, l\u00e4gre, h\u00f6gre eller Elit, s\u00e5 \u00e4r det individuell tr\u00e4ning som g\u00e4ller! Har ni st\u00f6tt p\u00e5 problem i sp\u00e5ret? Eller vill ni enbart komma till nya marker med nya utmaningar!&nbsp; Oavsett s\u00e5 tr\u00e4nar vi efter dina \u00f6nskem\u00e5l! Datum: L\u00f6rdagar 23\/5, &hellip; <\/p>\n<p class=\"link-more\"><a href=\"https:\/\/lerumsbk.se\/index.php\/sparkurs\/\" class=\"more-link\">Forts\u00e4tt l\u00e4sa<span class=\"screen-reader-text\"> \u201dSp\u00e5rkurs\u201d<\/span><\/a><\/p>\n","protected":false},"author":9,"featured_media":0,"parent":0,"menu_order":0,"comment_status":"closed","ping_status":"closed","template":"","meta":{"footnotes":"","_wp_rev_ctl_limit":""},"class_list":["post-6109","page","type-page","status-publish","hentry"],"_links":{"self":[{"href":"https:\/\/lerumsbk.se\/index.php\/wp-json\/wp\/v2\/pages\/6109","targetHints":{"allow":["GET"]}}],"collection":[{"href":"https:\/\/lerumsbk.se\/index.php\/wp-json\/wp\/v2\/pages"}],"about":[{"href":"https:\/\/lerumsbk.se\/index.php\/wp-json\/wp\/v2\/types\/page"}],"author":[{"embeddable":true,"href":"https:\/\/lerumsbk.se\/index.php\/wp-json\/wp\/v2\/users\/9"}],"replies":[{"embeddable":true,"href":"https:\/\/lerumsbk.se\/index.php\/wp-json\/wp\/v2\/comments?post=6109"}],"version-history":[{"count":3,"href":"https:\/\/lerumsbk.se\/index.php\/wp-json\/wp\/v2\/pages\/6109\/revisions"}],"predecessor-version":[{"id":6113,"href":"https:\/\/lerumsbk.se\/index.php\/wp-json\/wp\/v2\/pages\/6109\/revisions\/6113"}],"wp:attachment":[{"href":"https:\/\/lerumsbk.se\/index.php\/wp-json\/wp\/v2\/media?parent=6109"}],"curies":[{"name":"wp","href":"https:\/\/api.w.org\/{rel}","templated":true}]}}