{"id":3629,"date":"2024-02-20T10:38:58","date_gmt":"2024-02-20T09:38:58","guid":{"rendered":"https:\/\/lerumsbk.se\/?page_id=3629"},"modified":"2024-02-20T10:42:11","modified_gmt":"2024-02-20T09:42:11","slug":"klubbens-tavlingsekipage","status":"publish","type":"page","link":"https:\/\/lerumsbk.se\/index.php\/klubbens-tavlingsekipage\/","title":{"rendered":"Klubbens t\u00e4vlingsekipage"},"content":{"rendered":"<figure class=\"wp-block-image size-large\"><img loading=\"lazy\" decoding=\"async\" width=\"1024\" height=\"997\" src=\"https:\/\/lerumsbk.se\/wp-content\/uploads\/2024\/02\/bild-1-1024x997.png\" alt=\"\" class=\"wp-image-3631\" srcset=\"https:\/\/lerumsbk.se\/wp-content\/uploads\/2024\/02\/bild-1-1024x997.png 1024w, https:\/\/lerumsbk.se\/wp-content\/uploads\/2024\/02\/bild-1-300x292.png 300w, https:\/\/lerumsbk.se\/wp-content\/uploads\/2024\/02\/bild-1-768x748.png 768w, https:\/\/lerumsbk.se\/wp-content\/uploads\/2024\/02\/bild-1-1536x1495.png 1536w, https:\/\/lerumsbk.se\/wp-content\/uploads\/2024\/02\/bild-1-2048x1994.png 2048w, https:\/\/lerumsbk.se\/wp-content\/uploads\/2024\/02\/bild-1-350x341.png 350w\" sizes=\"auto, (max-width: 767px) 89vw, (max-width: 1000px) 54vw, (max-width: 1071px) 543px, 580px\" \/><\/figure>\n\n\n\n<p><strong>T\u00c4VLINGSEKIPAGE \u2013 INFORMATION<\/strong><\/p>\n\n\n\n<p><strong><br><\/strong><strong>Nu finns nya mallar f\u00f6r klubbens t\u00e4vlingsekipage<\/strong>. Alla medlemmar som t\u00e4vlar f\u00f6r Lerums brukshundklubb \u00e4r v\u00e4lkomna att best\u00e4lla en t\u00e4vlingsmall, oavsett vilken\/vilka grenar du och din hund t\u00e4vlar i. Vi hoppas verkligen att <strong>ALLA<\/strong> ekipage som t\u00e4vlar vill vara med, oavsett om ni just startat f\u00f6r f\u00f6rsta g\u00e5ngen eller \u00e4r h\u00f6gt meriterade sedan m\u00e5nga \u00e5r.<\/p>\n\n\n\n<p>F\u00f6r att f\u00e5 en t\u00e4vlingsmall skickar du ett mail till <a href=\"mailto:&#x61;&#x6e;&#x69;&#x74;&#x61;&#x2e;&#x6d;&#x2e;&#x73;&#x6b;&#x6f;&#x67;&#x6c;&#x75;&#x6e;&#x64;&#x40;&#x6f;&#x75;&#x74;&#x6c;&#x6f;&#x6f;&#x6b;&#x2e;&#x63;&#x6f;&#x6d;\">&#x61;&#x6e;&#x69;&#x74;&#x61;&#x2e;&#x6d;&#x2e;&#x73;&#x6b;&#x6f;&#x67;&#x6c;&#x75;&#x6e;&#x64;&#x40;<span class=\"oe_displaynone\">null<\/span>&#x6f;&#x75;&#x74;&#x6c;&#x6f;&#x6f;&#x6b;&#x2e;&#x63;&#x6f;&#x6d;<\/a>. Bifoga ett foto p\u00e5 <strong>dig och din hund<\/strong> och ange hundens officiella namn och tilltalsnamn, ras alt. blandras, hundens f\u00f6delse\u00e5r samt ditt namn. Vill du ha hj\u00e4lp att ta ett foto s\u00e5 skriv det i mailet s\u00e5 fixar vi det. Vi s\u00e4tter upp din mall p\u00e5 tavlan och sedan fyller du sj\u00e4lv p\u00e5 med era olika resultat, se mer info h\u00e4r nedan. OBS det kommer att finnas tre olika grundmallar, beroende p\u00e5 vilka grenar du t\u00e4vlar\/planerar att t\u00e4vla i.<\/p>\n\n\n\n<p>Anv\u00e4nd \u201dplupparna\u201d som h\u00e4nger h\u00e4r intill. <strong>Olika f\u00e4rg f\u00f6r olika grenar.<\/strong><\/p>\n\n\n\n<p>BRUKS gr\u00f6n&nbsp;&nbsp;&nbsp;&nbsp;&nbsp;&nbsp;&nbsp;&nbsp;&nbsp;&nbsp;&nbsp;&nbsp;&nbsp;&nbsp;&nbsp;&nbsp;&nbsp;&nbsp;&nbsp;&nbsp;&nbsp;&nbsp;&nbsp;&nbsp;&nbsp;&nbsp;&nbsp; IGP \/IPO gr\u00e5&nbsp;&nbsp;&nbsp;&nbsp;&nbsp;&nbsp;&nbsp;&nbsp;&nbsp;&nbsp;&nbsp;&nbsp;&nbsp;&nbsp;&nbsp;&nbsp;&nbsp; CHAMPIONAT stj\u00e4rnor<br>LYDNAD r\u00f6d&nbsp;&nbsp;&nbsp;&nbsp;&nbsp;&nbsp;&nbsp;&nbsp;&nbsp;&nbsp;&nbsp;&nbsp;&nbsp;&nbsp;&nbsp;&nbsp;&nbsp;&nbsp;&nbsp;&nbsp;&nbsp;&nbsp;&nbsp;&nbsp;&nbsp;&nbsp; AGILITY orange&nbsp;&nbsp;&nbsp;&nbsp;&nbsp;&nbsp;&nbsp;&nbsp;&nbsp;&nbsp;&nbsp; NOSE WORK gul<br>RALLY bl\u00e5&nbsp;&nbsp;&nbsp;&nbsp;&nbsp;&nbsp;&nbsp;&nbsp;&nbsp;&nbsp;&nbsp;&nbsp;&nbsp;&nbsp;&nbsp;&nbsp;&nbsp;&nbsp;&nbsp;&nbsp;&nbsp;&nbsp;&nbsp;&nbsp;&nbsp;&nbsp;&nbsp;&nbsp;&nbsp;&nbsp; \u00d6VRIGT svart&nbsp;&nbsp;&nbsp;&nbsp;&nbsp;&nbsp;&nbsp;&nbsp;&nbsp;&nbsp;&nbsp;&nbsp;&nbsp;&nbsp;&nbsp; SPECIALS\u00d6K gul<\/p>\n\n\n\n<p>I rutan f\u00f6r<strong> \u00d6vrigt<\/strong> fyller du sj\u00e4lv i text, t. ex. MH, BPH, KORAD, Viltsp\u00e5rsCH, UtstCH, JaktCH, FreestyleCH\u2026 Bredvid tavlan med T\u00c4VLINGSEKIPAGE finns en p\u00e4rm, d\u00e4r du hittar ekipage som inte t\u00e4vlat de senaste 2-3 \u00e5ren och som inte heller planerar att t\u00e4vla under n\u00e4stkommande \u00e5r.<br><\/p>\n\n\n\n<p><strong>HUR DU KAN FYLLA I DIN MALL<\/strong><\/p>\n\n\n\n<p>Olika t\u00e4vlingsgrenar har olika regler och du kan d\u00e4rf\u00f6r fylla i din mall p\u00e5 lite olika s\u00e4tt. H\u00e4r f\u00e5r du lite info om hur det \u00e4r t\u00e4nkt.<br>I Lydnad g\u00e4ller tre 1a pris f\u00f6r titel, men det r\u00e4cker med en 1a f\u00f6r uppflyttning.<br>I Rally g\u00e4ller tre kvalificerande resultat f\u00f6r uppflyttning och titel.<br>I Bruks g\u00e4ller ett Uppflyttningsresultat f\u00f6r uppflyttning. D\u00e4r kan du \u00e4ven markera Godk\u00e4nt resultat genom att skriva G p\u00e5 \u201dpluppen\u201d och sen U f\u00f6r uppflyttning.<br>I Agility g\u00e4ller tre \u201dpinnar\u201d f\u00f6r uppflyttning med fem st f\u00f6r titel.<br>Ytterligare info finns i Regelh\u00e4ftena och p\u00e5 SBKs hemsida under Regler, samt under Championat p\u00e5 SKKs hemsida.<br><br><\/p>","protected":false},"excerpt":{"rendered":"<p>T\u00c4VLINGSEKIPAGE \u2013 INFORMATION Nu finns nya mallar f\u00f6r klubbens t\u00e4vlingsekipage. Alla medlemmar som t\u00e4vlar f\u00f6r Lerums brukshundklubb \u00e4r v\u00e4lkomna att best\u00e4lla en t\u00e4vlingsmall, oavsett vilken\/vilka grenar du och din hund t\u00e4vlar i. Vi hoppas verkligen att ALLA ekipage som t\u00e4vlar vill vara med, oavsett om ni just startat f\u00f6r f\u00f6rsta g\u00e5ngen eller \u00e4r h\u00f6gt meriterade &hellip; <\/p>\n<p class=\"link-more\"><a href=\"https:\/\/lerumsbk.se\/index.php\/klubbens-tavlingsekipage\/\" class=\"more-link\">Forts\u00e4tt l\u00e4sa<span class=\"screen-reader-text\"> \u201dKlubbens t\u00e4vlingsekipage\u201d<\/span><\/a><\/p>\n","protected":false},"author":2,"featured_media":0,"parent":0,"menu_order":0,"comment_status":"closed","ping_status":"closed","template":"","meta":{"footnotes":"","_wp_rev_ctl_limit":""},"class_list":["post-3629","page","type-page","status-publish","hentry"],"_links":{"self":[{"href":"https:\/\/lerumsbk.se\/index.php\/wp-json\/wp\/v2\/pages\/3629","targetHints":{"allow":["GET"]}}],"collection":[{"href":"https:\/\/lerumsbk.se\/index.php\/wp-json\/wp\/v2\/pages"}],"about":[{"href":"https:\/\/lerumsbk.se\/index.php\/wp-json\/wp\/v2\/types\/page"}],"author":[{"embeddable":true,"href":"https:\/\/lerumsbk.se\/index.php\/wp-json\/wp\/v2\/users\/2"}],"replies":[{"embeddable":true,"href":"https:\/\/lerumsbk.se\/index.php\/wp-json\/wp\/v2\/comments?post=3629"}],"version-history":[{"count":2,"href":"https:\/\/lerumsbk.se\/index.php\/wp-json\/wp\/v2\/pages\/3629\/revisions"}],"predecessor-version":[{"id":3634,"href":"https:\/\/lerumsbk.se\/index.php\/wp-json\/wp\/v2\/pages\/3629\/revisions\/3634"}],"wp:attachment":[{"href":"https:\/\/lerumsbk.se\/index.php\/wp-json\/wp\/v2\/media?parent=3629"}],"curies":[{"name":"wp","href":"https:\/\/api.w.org\/{rel}","templated":true}]}}