{"id":3327,"date":"2023-12-18T08:28:33","date_gmt":"2023-12-18T07:28:33","guid":{"rendered":"https:\/\/lerumsbk.se\/?page_id=3327"},"modified":"2023-12-18T08:28:34","modified_gmt":"2023-12-18T07:28:34","slug":"valpinformation","status":"publish","type":"page","link":"https:\/\/lerumsbk.se\/index.php\/valpinformation\/","title":{"rendered":"Valpinformation"},"content":{"rendered":"<figure class=\"wp-block-image size-full is-resized\"><img loading=\"lazy\" decoding=\"async\" width=\"482\" height=\"543\" src=\"https:\/\/lerumsbk.se\/wp-content\/uploads\/2022\/07\/SBK_logga_Lerum.jpg\" alt=\"\" class=\"wp-image-1500\" style=\"width:103px;height:auto\" srcset=\"https:\/\/lerumsbk.se\/wp-content\/uploads\/2022\/07\/SBK_logga_Lerum.jpg 482w, https:\/\/lerumsbk.se\/wp-content\/uploads\/2022\/07\/SBK_logga_Lerum-350x394.jpg 350w, https:\/\/lerumsbk.se\/wp-content\/uploads\/2022\/07\/SBK_logga_Lerum-266x300.jpg 266w\" sizes=\"auto, (max-width: 482px) 100vw, 482px\" \/><\/figure>\n\n\n\n<p>Har du skaffat valp?<br>Lerums Brukshundklubb erbjuder kostnadsfri information och r\u00e5dgivning till blivande och nyblivna valp\u00e4gare.<\/p>\n\n\n\n<p><strong>S\u00f6ndagen den 7 januari kl 15-17<\/strong><\/p>\n\n\n\n<p><strong>S\u00f6ndagen den 21 januari kl 15-17<\/strong><\/p>\n\n\n\n<figure class=\"wp-block-image size-full is-resized\"><img loading=\"lazy\" decoding=\"async\" width=\"515\" height=\"686\" src=\"https:\/\/lerumsbk.se\/wp-content\/uploads\/2023\/12\/valp-1.jpg\" alt=\"\" class=\"wp-image-3329\" style=\"width:271px;height:auto\" srcset=\"https:\/\/lerumsbk.se\/wp-content\/uploads\/2023\/12\/valp-1.jpg 515w, https:\/\/lerumsbk.se\/wp-content\/uploads\/2023\/12\/valp-1-225x300.jpg 225w, https:\/\/lerumsbk.se\/wp-content\/uploads\/2023\/12\/valp-1-350x466.jpg 350w\" sizes=\"auto, (max-width: 515px) 100vw, 515px\" \/><\/figure>\n\n\n\n<p>Inneh\u00e5ll:<\/p>\n\n\n\n<ul class=\"wp-block-list\">\n<li>Hur du skapar en god relation med din valp<\/li>\n\n\n\n<li>Den v\u00e4rdefulla leken<\/li>\n\n\n\n<li>Grundl\u00e4ggande inl\u00e4rning<\/li>\n\n\n\n<li>Valpen som biter och busar<\/li>\n\n\n\n<li>Fr\u00e5gestund<\/li>\n<\/ul>\n\n\n\n<p>Din valp \u00e4r v\u00e4lkommen att f\u00f6lja med om den kan f\u00f6rh\u00e5lla sig lugn. N\u00e5gon praktisk tr\u00e4ning blir det dock inte.<\/p>\n\n\n\n<p>Du kan \u00e4ven boka personlig r\u00e5dgivning och tr\u00e4ning med instrukt\u00f6r.<\/p>\n\n\n\n<p>Valpinformation och n\u00e5gra personliga lektioner \u00e4r en fin inledning till att sedan g\u00e5 allm\u00e4nlydnadskurs som startar i april.<\/p>\n\n\n\n<p>Instrukt\u00f6r: Anne-Marie Folkesson <a href=\"http:\/\/www.amhund.se\">www.amhund.se<\/a><\/p>\n\n\n\n<p><em>Anm\u00e4l genom att maila till<\/em> <a href=\"mailto:&#x69;&#x6e;&#x66;&#x6f;&#x40;&#x61;&#x6d;&#x68;&#x75;&#x6e;&#x64;&#x2e;&#x73;&#x65;\">&#x69;&#x6e;&#x66;&#x6f;&#x40;<span class=\"oe_displaynone\">null<\/span>&#x61;&#x6d;&#x68;&#x75;&#x6e;&#x64;&#x2e;&#x73;&#x65;<\/a> <em>senast den 5 januari och den 19 januari<\/em><\/p>\n\n\n\n<p><strong>V\u00e4lkommen!<\/strong><\/p>","protected":false},"excerpt":{"rendered":"<p>Har du skaffat valp?Lerums Brukshundklubb erbjuder kostnadsfri information och r\u00e5dgivning till blivande och nyblivna valp\u00e4gare. S\u00f6ndagen den 7 januari kl 15-17 S\u00f6ndagen den 21 januari kl 15-17 Inneh\u00e5ll: Din valp \u00e4r v\u00e4lkommen att f\u00f6lja med om den kan f\u00f6rh\u00e5lla sig lugn. N\u00e5gon praktisk tr\u00e4ning blir det dock inte. Du kan \u00e4ven boka personlig r\u00e5dgivning och &hellip; <\/p>\n<p class=\"link-more\"><a href=\"https:\/\/lerumsbk.se\/index.php\/valpinformation\/\" class=\"more-link\">Forts\u00e4tt l\u00e4sa<span class=\"screen-reader-text\"> \u201dValpinformation\u201d<\/span><\/a><\/p>\n","protected":false},"author":2,"featured_media":0,"parent":0,"menu_order":0,"comment_status":"closed","ping_status":"closed","template":"","meta":{"footnotes":"","_wp_rev_ctl_limit":""},"class_list":["post-3327","page","type-page","status-publish","hentry"],"_links":{"self":[{"href":"https:\/\/lerumsbk.se\/index.php\/wp-json\/wp\/v2\/pages\/3327","targetHints":{"allow":["GET"]}}],"collection":[{"href":"https:\/\/lerumsbk.se\/index.php\/wp-json\/wp\/v2\/pages"}],"about":[{"href":"https:\/\/lerumsbk.se\/index.php\/wp-json\/wp\/v2\/types\/page"}],"author":[{"embeddable":true,"href":"https:\/\/lerumsbk.se\/index.php\/wp-json\/wp\/v2\/users\/2"}],"replies":[{"embeddable":true,"href":"https:\/\/lerumsbk.se\/index.php\/wp-json\/wp\/v2\/comments?post=3327"}],"version-history":[{"count":1,"href":"https:\/\/lerumsbk.se\/index.php\/wp-json\/wp\/v2\/pages\/3327\/revisions"}],"predecessor-version":[{"id":3330,"href":"https:\/\/lerumsbk.se\/index.php\/wp-json\/wp\/v2\/pages\/3327\/revisions\/3330"}],"wp:attachment":[{"href":"https:\/\/lerumsbk.se\/index.php\/wp-json\/wp\/v2\/media?parent=3327"}],"curies":[{"name":"wp","href":"https:\/\/api.w.org\/{rel}","templated":true}]}}