{"id":3207,"date":"2023-11-06T14:09:47","date_gmt":"2023-11-06T13:09:47","guid":{"rendered":"https:\/\/lerumsbk.se\/?page_id=3207"},"modified":"2023-11-07T08:48:36","modified_gmt":"2023-11-07T07:48:36","slug":"traning-i-skog-mark","status":"publish","type":"page","link":"https:\/\/lerumsbk.se\/index.php\/traning-i-skog-mark\/","title":{"rendered":"Tr\u00e4ning i skog &#038; mark"},"content":{"rendered":"<p><strong>Tr\u00e4ningsgrupper<\/strong><br>F\u00f6rtydligande<br>Brukshundklubben omfattas av Naturv\u00e5rdsverkets riktlinjer g\u00e4llande allemansr\u00e4tten och tr\u00e4ning med hund \u00e5ret runt. <\/p>\n\n\n\n<p>P\u00e5  uppdrag av Naturv\u00e5rdsverket ger L\u00e4nsstyrelsen dispens att tr\u00e4na med l\u00f6s hund under hundf\u00f6rbudstiden den 1 mars &#8211; 20 augusti .<\/p>\n\n\n\n<p>F\u00f6r att tr\u00e4na i skog och mark kr\u00e4vs tillst\u00e5nd av mark\u00e4gare och jaktr\u00e4ttsinnehavare. Vid f\u00f6rfr\u00e5gan till Naturv\u00e5rdsverket svarar man enligt f\u00f6ljande: &#8220;S\u00e5vitt Naturv\u00e5rdsverket kan bed\u00f6ma saknas st\u00f6d i allemansr\u00e4tten f\u00f6r hundtr\u00e4ning i alla former p\u00e5 annans mark utan lov. D\u00e4remot anses det rymmas inom allemansr\u00e4ttens ramar att ta med hunden p\u00e5 promenad och \u00e4ven d\u00e5 ska hunden h\u00e5llas under den uppsikt som lagen i \u00f6vrigt kr\u00e4ver.&#8221;<br><br>Grupper som nyttjar marker utan tillst\u00e5nd, riskerar klubbens m\u00f6jligheter att arrangera t\u00e4vlingar. En god kontakt med mark\u00e4gare\/jaktr\u00e4ttsinnehavare \u00e4r av st\u00f6rsta vikt.<\/p>\n\n\n\n<p><a href=\"https:\/\/www.naturvardsverket.se\/amnesomraden\/allemansratten\/\">https:\/\/www.naturvardsverket.se\/amnesomraden\/allemansratten\/<\/a><\/p>\n\n\n\n<p><a href=\"https:\/\/www.naturvardsverket.se\/amnesomraden\/allemansratten\/aktiviteter\/jakt-och-fiske\/\" data-type=\"link\" data-id=\"https:\/\/www.naturvardsverket.se\/amnesomraden\/allemansratten\/aktiviteter\/jakt-och-fiske\/\">https:\/\/www.naturvardsverket.se\/amnesomraden\/allemansratten\/aktiviteter\/jakt-och-fiske\/<\/a><\/p>\n\n\n\n<p><a href=\"https:\/\/www.naturvardsverket.se\/amnesomraden\/allemansratten\/tid-pa-aret\/\" data-type=\"link\" data-id=\"https:\/\/www.naturvardsverket.se\/amnesomraden\/allemansratten\/tid-pa-aret\/\">https:\/\/www.naturvardsverket.se\/amnesomraden\/allemansratten\/tid-pa-aret\/<\/a> <br><br><a href=\"https:\/\/brukshundklubben.se\/media\/yeffo0rs\/svar-fr%C3%A5n-v%C3%A4stra-g%C3%B6taland.pdf\" data-type=\"link\" data-id=\"https:\/\/brukshundklubben.se\/media\/yeffo0rs\/svar-fr%C3%A5n-v%C3%A4stra-g%C3%B6taland.pdf\">https:\/\/brukshundklubben.se\/media\/yeffo0rs\/svar-fr%C3%A5n-v%C3%A4stra-g%C3%B6taland.pdf<\/a><\/p>","protected":false},"excerpt":{"rendered":"<p>Tr\u00e4ningsgrupperF\u00f6rtydligandeBrukshundklubben omfattas av Naturv\u00e5rdsverkets riktlinjer g\u00e4llande allemansr\u00e4tten och tr\u00e4ning med hund \u00e5ret runt. P\u00e5 uppdrag av Naturv\u00e5rdsverket ger L\u00e4nsstyrelsen dispens att tr\u00e4na med l\u00f6s hund under hundf\u00f6rbudstiden den 1 mars &#8211; 20 augusti . F\u00f6r att tr\u00e4na i skog och mark kr\u00e4vs tillst\u00e5nd av mark\u00e4gare och jaktr\u00e4ttsinnehavare. Vid f\u00f6rfr\u00e5gan till Naturv\u00e5rdsverket svarar man enligt f\u00f6ljande: &hellip; <\/p>\n<p class=\"link-more\"><a href=\"https:\/\/lerumsbk.se\/index.php\/traning-i-skog-mark\/\" class=\"more-link\">Forts\u00e4tt l\u00e4sa<span class=\"screen-reader-text\"> \u201dTr\u00e4ning i skog &#038; mark\u201d<\/span><\/a><\/p>\n","protected":false},"author":10,"featured_media":0,"parent":0,"menu_order":0,"comment_status":"closed","ping_status":"closed","template":"","meta":{"footnotes":"","_wp_rev_ctl_limit":""},"class_list":["post-3207","page","type-page","status-publish","hentry"],"_links":{"self":[{"href":"https:\/\/lerumsbk.se\/index.php\/wp-json\/wp\/v2\/pages\/3207","targetHints":{"allow":["GET"]}}],"collection":[{"href":"https:\/\/lerumsbk.se\/index.php\/wp-json\/wp\/v2\/pages"}],"about":[{"href":"https:\/\/lerumsbk.se\/index.php\/wp-json\/wp\/v2\/types\/page"}],"author":[{"embeddable":true,"href":"https:\/\/lerumsbk.se\/index.php\/wp-json\/wp\/v2\/users\/10"}],"replies":[{"embeddable":true,"href":"https:\/\/lerumsbk.se\/index.php\/wp-json\/wp\/v2\/comments?post=3207"}],"version-history":[{"count":3,"href":"https:\/\/lerumsbk.se\/index.php\/wp-json\/wp\/v2\/pages\/3207\/revisions"}],"predecessor-version":[{"id":3217,"href":"https:\/\/lerumsbk.se\/index.php\/wp-json\/wp\/v2\/pages\/3207\/revisions\/3217"}],"wp:attachment":[{"href":"https:\/\/lerumsbk.se\/index.php\/wp-json\/wp\/v2\/media?parent=3207"}],"curies":[{"name":"wp","href":"https:\/\/api.w.org\/{rel}","templated":true}]}}