{"id":2307,"date":"2023-03-23T12:37:48","date_gmt":"2023-03-23T11:37:48","guid":{"rendered":"https:\/\/lerumsbk.se\/?page_id=2307"},"modified":"2024-09-26T16:59:43","modified_gmt":"2024-09-26T15:59:43","slug":"policydokument","status":"publish","type":"page","link":"https:\/\/lerumsbk.se\/index.php\/policydokument\/","title":{"rendered":"Policydokument"},"content":{"rendered":"<p>Centralf\u00f6rbundet Svenska Brukshundklubben har utformat flertal policydokument som syftar till att st\u00f6dja lokalklubbar med riktlinjer och normer.<br><br>Klicka p\u00e5 nedanst\u00e5ende rubriker f\u00f6r att se dokumentet.<\/p>\n\n\n\n<p><a href=\"https:\/\/brukshundklubben.se\/media\/hacjehqq\/etisk-policy-f%C3%B6r-prov-och-t%C3%A4vlingar-fastst%C3%A4lld-av-fs-2017-03-03-slutversion.pdf\" data-type=\"URL\" data-id=\"https:\/\/brukshundklubben.se\/media\/hacjehqq\/etisk-policy-f%C3%B6r-prov-och-t%C3%A4vlingar-fastst%C3%A4lld-av-fs-2017-03-03-slutversion.pdf\" target=\"_blank\" rel=\"noreferrer noopener\">Etisk policy f\u00f6r prov och t\u00e4vlingar.<\/a><\/p>\n\n\n\n<p><a href=\"https:\/\/brukshundklubben.se\/media\/arul31zf\/policy-f%C3%B6r-medlemskultur-i-brukshundklubben-fastst%C3%A4lld-2020-08-29-1.pdf\" data-type=\"URL\" data-id=\"https:\/\/brukshundklubben.se\/media\/arul31zf\/policy-f%C3%B6r-medlemskultur-i-brukshundklubben-fastst%C3%A4lld-2020-08-29-1.pdf\" target=\"_blank\" rel=\"noreferrer noopener\">Policy f\u00f6r medlemskultur.<\/a><\/p>\n\n\n\n<p><a href=\"https:\/\/brukshundklubben.se\/media\/mpofz05o\/policy-g%C3%A4llande-alkohol-och-droger-fastst%C3%A4lld-2020-08-29.pdf\" data-type=\"URL\" data-id=\"https:\/\/brukshundklubben.se\/media\/mpofz05o\/policy-g%C3%A4llande-alkohol-och-droger-fastst%C3%A4lld-2020-08-29.pdf\" target=\"_blank\" rel=\"noreferrer noopener\">Policy g\u00e4llande alkohol och droger.<\/a><\/p>\n\n\n\n<p><a rel=\"noreferrer noopener\" href=\"https:\/\/brukshundklubben.se\/media\/pl0lresw\/policy-g%C3%A4llande-kr%C3%A4nkande-s%C3%A4rbehandling-och-trakasserier-fastst%C3%A4lld-2020-08-29.pdf\" data-type=\"URL\" data-id=\"https:\/\/brukshundklubben.se\/media\/pl0lresw\/policy-g%C3%A4llande-kr%C3%A4nkande-s%C3%A4rbehandling-och-trakasserier-fastst%C3%A4lld-2020-08-29.pdf\" target=\"_blank\">Policy g\u00e4llande kr\u00e4nkande s\u00e4rbehandling och trakasserier<\/a>.<\/p>\n\n\n\n<p><a href=\"https:\/\/brukshundklubben.se\/media\/5zxoahcb\/sbk_broschyr_var_van_hunden_utskrift2018.pdf\" data-type=\"URL\" data-id=\"https:\/\/brukshundklubben.se\/media\/5zxoahcb\/sbk_broschyr_var_van_hunden_utskrift2018.pdf\" target=\"_blank\" rel=\"noreferrer noopener\">V\u00e5r v\u00e4n hunden. Broschyr och dressypolicy.<\/a><\/p>\n\n\n\n<p><a href=\"https:\/\/brukshundklubben.se\/om-oss\/styrdokument\/vardegrund-och-karnvarden\" target=\"_blank\" rel=\"noreferrer noopener\">Brukshundklubben.se\/om-oss\/styrdokument\/vardegrund-och-karnvarden<\/a><\/p>\n\n\n\n<p><\/p>","protected":false},"excerpt":{"rendered":"<p>Centralf\u00f6rbundet Svenska Brukshundklubben har utformat flertal policydokument som syftar till att st\u00f6dja lokalklubbar med riktlinjer och normer. Klicka p\u00e5 nedanst\u00e5ende rubriker f\u00f6r att se dokumentet. Etisk policy f\u00f6r prov och t\u00e4vlingar. Policy f\u00f6r medlemskultur. Policy g\u00e4llande alkohol och droger. Policy g\u00e4llande kr\u00e4nkande s\u00e4rbehandling och trakasserier. V\u00e5r v\u00e4n hunden. Broschyr och dressypolicy. Brukshundklubben.se\/om-oss\/styrdokument\/vardegrund-och-karnvarden<\/p>\n","protected":false},"author":2,"featured_media":0,"parent":0,"menu_order":0,"comment_status":"closed","ping_status":"closed","template":"","meta":{"footnotes":"","_wp_rev_ctl_limit":""},"class_list":["post-2307","page","type-page","status-publish","hentry"],"_links":{"self":[{"href":"https:\/\/lerumsbk.se\/index.php\/wp-json\/wp\/v2\/pages\/2307","targetHints":{"allow":["GET"]}}],"collection":[{"href":"https:\/\/lerumsbk.se\/index.php\/wp-json\/wp\/v2\/pages"}],"about":[{"href":"https:\/\/lerumsbk.se\/index.php\/wp-json\/wp\/v2\/types\/page"}],"author":[{"embeddable":true,"href":"https:\/\/lerumsbk.se\/index.php\/wp-json\/wp\/v2\/users\/2"}],"replies":[{"embeddable":true,"href":"https:\/\/lerumsbk.se\/index.php\/wp-json\/wp\/v2\/comments?post=2307"}],"version-history":[{"count":3,"href":"https:\/\/lerumsbk.se\/index.php\/wp-json\/wp\/v2\/pages\/2307\/revisions"}],"predecessor-version":[{"id":4476,"href":"https:\/\/lerumsbk.se\/index.php\/wp-json\/wp\/v2\/pages\/2307\/revisions\/4476"}],"wp:attachment":[{"href":"https:\/\/lerumsbk.se\/index.php\/wp-json\/wp\/v2\/media?parent=2307"}],"curies":[{"name":"wp","href":"https:\/\/api.w.org\/{rel}","templated":true}]}}