{"id":211,"date":"2022-02-17T16:42:05","date_gmt":"2022-02-17T15:42:05","guid":{"rendered":"https:\/\/lerumsbk.se\/?page_id=211"},"modified":"2026-01-29T12:53:34","modified_gmt":"2026-01-29T11:53:34","slug":"utstallning","status":"publish","type":"page","link":"https:\/\/lerumsbk.se\/index.php\/utstallning\/","title":{"rendered":"Inofficiell utst\u00e4llning 2026"},"content":{"rendered":"<figure class=\"wp-block-image size-large\"><img loading=\"lazy\" decoding=\"async\" width=\"1024\" height=\"749\" src=\"https:\/\/lerumsbk.se\/wp-content\/uploads\/2026\/01\/IMG_2784-1024x749.jpg\" alt=\"\" class=\"wp-image-5958\" srcset=\"https:\/\/lerumsbk.se\/wp-content\/uploads\/2026\/01\/IMG_2784-1024x749.jpg 1024w, https:\/\/lerumsbk.se\/wp-content\/uploads\/2026\/01\/IMG_2784-300x219.jpg 300w, https:\/\/lerumsbk.se\/wp-content\/uploads\/2026\/01\/IMG_2784-768x562.jpg 768w, https:\/\/lerumsbk.se\/wp-content\/uploads\/2026\/01\/IMG_2784-1536x1124.jpg 1536w, https:\/\/lerumsbk.se\/wp-content\/uploads\/2026\/01\/IMG_2784-2048x1498.jpg 2048w, https:\/\/lerumsbk.se\/wp-content\/uploads\/2026\/01\/IMG_2784-350x256.jpg 350w\" sizes=\"auto, (max-width: 767px) 89vw, (max-width: 1000px) 54vw, (max-width: 1071px) 543px, 580px\" \/><\/figure>\n\n\n\n<h2 class=\"wp-block-heading has-text-align-center\"><strong>Lerums Brukshundklubb anordnar inofficiell utst\u00e4llning <\/strong><br><strong>l\u00f6rdagen den 23 maj 2026.<\/strong><\/h2>\n\n\n\n<h3 class=\"wp-block-heading\"><strong>F\u00f6r alla raser<\/strong><\/h3>\n\n\n\n<p><strong>Klasser<\/strong>:<br>Valp 4-6 m\u00e5nader<br>Valp 6-9 m\u00e5nader<br>Vuxen fr\u00e5n 9 m\u00e5nader &#8211; 8 \u00e5r<br>Veteran fr\u00e5n 8 \u00e5r<\/p>\n\n\n\n<p><strong>Domare:<\/strong><\/p>\n\n\n\n<p>\u00c5sa Thunquist<br>Grupp 1, 2, 5<br>BIS veteran<\/p>\n\n\n\n<p>Eva Sj\u00f6linder Hansson<br>Grupp 4, 6, 7, 8, 10<br>BIS vuxen<\/p>\n\n\n\n<p>Louice Hagman<br>Grupp 3, 9<br>BIS valp<\/p>\n\n\n\n<p>Reservation f\u00f6r domar\u00e4ndringar.<\/p>\n\n\n\n<p><strong>Anm\u00e4lningsavgift<\/strong> 280:- kr s\u00e4tts in p\u00e5 plusgiro 5224-2583 eller <br>via svisch 123 443 78 77.<br><strong>OBS!<\/strong> ange referensnummer fr\u00e5n anm\u00e4lan.<\/p>\n\n\n\n<p><br><strong>L\u00e4nk till anm\u00e4lan:  <\/strong><a href=\"https:\/\/brgshow.eu\/app\/entryForm.php?id=140\">https:\/\/brgshow.eu\/app\/entryForm.php?id=140 <\/a><\/p>\n\n\n\n<p><strong>Sista dag f\u00f6r anm\u00e4lan och betalning \u00e4r den 5 maj<\/strong><br><\/p>\n\n\n\n<p>Barn med hund kommer att arrangeras<br>Anm\u00e4lan g\u00f6rs i sekretariatet p\u00e5 plats<\/p>\n\n\n\n<p>Upplysningar Lena 0703-53 04 60 eller <a href=\"mailto:&#x61;&#x6c;&#x66;&#x61;&#x73;&#x6b;&#x65;&#x6e;&#x6e;&#x65;&#x6c;&#x31;&#x34;&#x40;&#x67;&#x6d;&#x61;&#x69;&#x6c;&#x2e;&#x63;&#x6f;&#x6d;\">&#x61;&#x6c;&#x66;&#x61;&#x73;&#x6b;&#x65;&#x6e;&#x6e;&#x65;&#x6c;&#x31;&#x34;&#x40;<span class=\"oe_displaynone\">null<\/span>&#x67;&#x6d;&#x61;&#x69;&#x6c;&#x2e;&#x63;&#x6f;&#x6d;<\/a><\/p>\n\n\n\n<p>FRI PARKERING<\/p>\n\n\n\n<p>Servering och grill kommer finnas p\u00e5 utst\u00e4llningsdagen.<\/p>\n\n\n\n<h1 class=\"wp-block-heading\"><strong>Varmt v\u00e4lkomna!<\/strong><\/h1>\n\n\n\n<div class=\"wp-block-columns is-layout-flex wp-container-core-columns-is-layout-9d6595d7 wp-block-columns-is-layout-flex\">\n<div class=\"wp-block-column is-layout-flow wp-block-column-is-layout-flow\"><\/div>\n\n\n\n<div class=\"wp-block-column is-layout-flow wp-block-column-is-layout-flow\"><\/div>\n<\/div>\n\n\n\n<div class=\"wp-block-columns is-layout-flex wp-container-core-columns-is-layout-9d6595d7 wp-block-columns-is-layout-flex\">\n<div class=\"wp-block-column is-layout-flow wp-block-column-is-layout-flow\"><\/div>\n\n\n\n<div class=\"wp-block-column is-layout-flow wp-block-column-is-layout-flow\"><\/div>\n<\/div>\n\n\n\n<div class=\"wp-block-columns is-layout-flex wp-container-core-columns-is-layout-9d6595d7 wp-block-columns-is-layout-flex\">\n<div class=\"wp-block-column is-layout-flow wp-block-column-is-layout-flow\"><\/div>\n\n\n\n<div class=\"wp-block-column is-layout-flow wp-block-column-is-layout-flow\"><\/div>\n<\/div>\n\n\n\n<div class=\"wp-block-columns is-layout-flex wp-container-core-columns-is-layout-9d6595d7 wp-block-columns-is-layout-flex\">\n<div class=\"wp-block-column is-layout-flow wp-block-column-is-layout-flow\"><\/div>\n\n\n\n<div class=\"wp-block-column is-layout-flow wp-block-column-is-layout-flow\"><\/div>\n<\/div>\n\n\n\n<div class=\"wp-block-columns is-layout-flex wp-container-core-columns-is-layout-9d6595d7 wp-block-columns-is-layout-flex\">\n<div class=\"wp-block-column is-layout-flow wp-block-column-is-layout-flow\"><\/div>\n\n\n\n<div class=\"wp-block-column is-layout-flow wp-block-column-is-layout-flow\"><\/div>\n<\/div>","protected":false},"excerpt":{"rendered":"<p>Lerums Brukshundklubb anordnar inofficiell utst\u00e4llning l\u00f6rdagen den 23 maj 2026. F\u00f6r alla raser Klasser:Valp 4-6 m\u00e5naderValp 6-9 m\u00e5naderVuxen fr\u00e5n 9 m\u00e5nader &#8211; 8 \u00e5rVeteran fr\u00e5n 8 \u00e5r Domare: \u00c5sa ThunquistGrupp 1, 2, 5BIS veteran Eva Sj\u00f6linder HanssonGrupp 4, 6, 7, 8, 10BIS vuxen Louice HagmanGrupp 3, 9BIS valp Reservation f\u00f6r domar\u00e4ndringar. Anm\u00e4lningsavgift 280:- kr s\u00e4tts &hellip; <\/p>\n<p class=\"link-more\"><a href=\"https:\/\/lerumsbk.se\/index.php\/utstallning\/\" class=\"more-link\">Forts\u00e4tt l\u00e4sa<span class=\"screen-reader-text\"> \u201dInofficiell utst\u00e4llning 2026\u201d<\/span><\/a><\/p>\n","protected":false},"author":2,"featured_media":0,"parent":0,"menu_order":0,"comment_status":"closed","ping_status":"closed","template":"","meta":{"footnotes":"","_wp_rev_ctl_limit":""},"class_list":["post-211","page","type-page","status-publish","hentry"],"_links":{"self":[{"href":"https:\/\/lerumsbk.se\/index.php\/wp-json\/wp\/v2\/pages\/211","targetHints":{"allow":["GET"]}}],"collection":[{"href":"https:\/\/lerumsbk.se\/index.php\/wp-json\/wp\/v2\/pages"}],"about":[{"href":"https:\/\/lerumsbk.se\/index.php\/wp-json\/wp\/v2\/types\/page"}],"author":[{"embeddable":true,"href":"https:\/\/lerumsbk.se\/index.php\/wp-json\/wp\/v2\/users\/2"}],"replies":[{"embeddable":true,"href":"https:\/\/lerumsbk.se\/index.php\/wp-json\/wp\/v2\/comments?post=211"}],"version-history":[{"count":3,"href":"https:\/\/lerumsbk.se\/index.php\/wp-json\/wp\/v2\/pages\/211\/revisions"}],"predecessor-version":[{"id":5961,"href":"https:\/\/lerumsbk.se\/index.php\/wp-json\/wp\/v2\/pages\/211\/revisions\/5961"}],"wp:attachment":[{"href":"https:\/\/lerumsbk.se\/index.php\/wp-json\/wp\/v2\/media?parent=211"}],"curies":[{"name":"wp","href":"https:\/\/api.w.org\/{rel}","templated":true}]}}