{"id":1483,"date":"2022-07-31T10:50:47","date_gmt":"2022-07-31T09:50:47","guid":{"rendered":"https:\/\/lerumsbk.se\/?page_id=1483"},"modified":"2022-07-31T10:50:48","modified_gmt":"2022-07-31T09:50:48","slug":"gratis-aktiviteter-for-klubbens-ungdomar","status":"publish","type":"page","link":"https:\/\/lerumsbk.se\/index.php\/gratis-aktiviteter-for-klubbens-ungdomar\/","title":{"rendered":"Gratis aktiviteter f\u00f6r klubbens ungdomar"},"content":{"rendered":"<p>Lerums Brukshundklubb bjuder in ungdomar att komma och prova olika hundsporter<br>under sommaren och h\u00f6sten.<br>Vi vill fr\u00e4mja och uppmuntra v\u00e5ra yngsta medlemmar att komma till klubben och f\u00e5 upp<br>\u00f6gonen f\u00f6r allt roligt man kan hitta p\u00e5 med hundar.<br>V\u00e5ra medlemmar besitter en enorm kunskap och tack vare deras tid och engagemang kan vi nu presentera b\u00f6rjan p\u00e5 ett sp\u00e4nnande program som kommer l\u00f6pa under sommaren och<br>tidiga h\u00f6sten 2022.<br>Om du, eller en familjemedlem, \u00e4r medlem i Lerums Brukshundklubb har du m\u00f6jlighet att<br>delta p\u00e5 en uppsj\u00f6 prova-p\u00e5-tillf\u00e4llen &#8211; helt utan kostnad!<br>Om du inte har en egen hund kan du \u00e4nd\u00e5 h\u00f6ra av dig s\u00e5 ska vi se om vi kan ordna en<br>l\u00e5nehund f\u00f6r just det tillf\u00e4llet.<br>Vi v\u00e4nder oss till alla mellan 6-25 \u00e5r. Barn under 15 m\u00e5ste ha en vuxen med sig.<br><\/p>\n\n\n\n<p>Vi vill uppmuntra dig att v\u00e5ga prova nya saker med din hund s\u00e5 d\u00e4rf\u00f6r kr\u00e4vs inga<br>f\u00f6rkunskaper och alla \u00e4r varmt v\u00e4lkomna! Du kan anm\u00e4la till hur m\u00e5nga tillf\u00e4llen du vill men<br>t\u00e4nk p\u00e5 att komma p\u00e5 dom tillf\u00e4llen du anm\u00e4ler intresse f\u00f6r.<\/p>\n\n\n\n<figure class=\"wp-block-table\"><table><tbody><tr><td class=\"has-text-align-center\" data-align=\"center\">  Datum<\/td><td>     Tid  (ca)<\/td><td>        Prova p\u00e5 aktivitet<\/td><td>         Ansvarig<\/td><td>      Plats<\/td><\/tr><tr><td class=\"has-text-align-center\" data-align=\"center\">   19 juli <\/td><td>18-20<\/td><td>Grunderna i stadgetr\u00e4ning<\/td><td>Katarina<\/td><td>Klubben<\/td><\/tr><tr><td class=\"has-text-align-center\" data-align=\"center\">  20 juli <\/td><td>18-20<\/td><td>Grunderna i t\u00e4vlingslydnad<\/td><td>Anne-Marie<\/td><td>Klubben<\/td><\/tr><tr><td class=\"has-text-align-center\" data-align=\"center\">  23 juli<\/td><td>10-12<\/td><td>Bruks sp\u00e5r<\/td><td>Anne-Marie<\/td><td>Klubben<\/td><\/tr><tr><td class=\"has-text-align-center\" data-align=\"center\">  27 juli  <\/td><td>18:00-19:30<\/td><td>Rallylydnad<\/td><td>Katrin och Yvonne<\/td><td>Klubben<\/td><\/tr><tr><td class=\"has-text-align-center\" data-align=\"center\">  \u00c4ndr. <\/td><td><\/td><td>Bruks s\u00f6k &#8211; Nytt datum <\/td><td>Jonna<\/td><td>Klubben<\/td><\/tr><tr><td class=\"has-text-align-center\" data-align=\"center\">3 aug<\/td><td>17:30-18:30<\/td><td>Junior-handling (utst\u00e4llning)<\/td><td><\/td><td>Klubben<\/td><\/tr><tr><td class=\"has-text-align-center\" data-align=\"center\">10 aug<\/td><td>18:30<\/td><td>Vallning av f\u00e5r<\/td><td>Lisa Jansson<\/td><td>V\u00e5thultsv\u00e4gen 9<\/td><\/tr><tr><td class=\"has-text-align-center\" data-align=\"center\">17 aug<\/td><td>18 &#8211; 19<\/td><td>Agility<\/td><td>Anna S\u00f6derblom<\/td><td>Klubben<\/td><\/tr><\/tbody><\/table><\/figure>\n\n\n\n<p>Det kommer komma fler tider och aktiviteter<br><\/p>\n\n\n\n<p>Anm\u00e4lan g\u00f6rs till:<br>&#x73;&#x74;&#x79;&#x72;&#x65;&#x6c;&#x73;&#x65;&#x6e;&#x40;<span class=\"oe_displaynone\">null<\/span>&#x6c;&#x65;&#x72;&#x75;&#x6d;&#x73;&#x62;&#x6b;&#x2e;&#x73;&#x65;<br><\/p>\n\n\n\n<p>Skriv:<br>\u25cf Namn<br>\u25cf \u00c5lder<br>\u25cf Erfarenhet av hundar och hundtr\u00e4ning<br>\u25cf Vilken\/vilka tr\u00e4ffar du vill komma p\u00e5<br>\u25cf Lite information om din hund eller om du beh\u00f6ver l\u00e5na en hund (vi kan inte lova att<br>det g\u00e5r att l\u00f6sa, men vi ska f\u00f6rs\u00f6ka!)<br>\u25cf Eventuella allergier eller kosth\u00e5llningar<br>\u25cf Vem i familjen som \u00e4r medlem i Lerums Brukshundklub<\/p>","protected":false},"excerpt":{"rendered":"<p>Lerums Brukshundklubb bjuder in ungdomar att komma och prova olika hundsporterunder sommaren och h\u00f6sten.Vi vill fr\u00e4mja och uppmuntra v\u00e5ra yngsta medlemmar att komma till klubben och f\u00e5 upp\u00f6gonen f\u00f6r allt roligt man kan hitta p\u00e5 med hundar.V\u00e5ra medlemmar besitter en enorm kunskap och tack vare deras tid och engagemang kan vi nu presentera b\u00f6rjan p\u00e5 &hellip; <\/p>\n<p class=\"link-more\"><a href=\"https:\/\/lerumsbk.se\/index.php\/gratis-aktiviteter-for-klubbens-ungdomar\/\" class=\"more-link\">Forts\u00e4tt l\u00e4sa<span class=\"screen-reader-text\"> \u201dGratis aktiviteter f\u00f6r klubbens ungdomar\u201d<\/span><\/a><\/p>\n","protected":false},"author":6,"featured_media":1484,"parent":0,"menu_order":0,"comment_status":"closed","ping_status":"closed","template":"","meta":{"footnotes":"","_wp_rev_ctl_limit":""},"class_list":["post-1483","page","type-page","status-publish","has-post-thumbnail","hentry"],"_links":{"self":[{"href":"https:\/\/lerumsbk.se\/index.php\/wp-json\/wp\/v2\/pages\/1483","targetHints":{"allow":["GET"]}}],"collection":[{"href":"https:\/\/lerumsbk.se\/index.php\/wp-json\/wp\/v2\/pages"}],"about":[{"href":"https:\/\/lerumsbk.se\/index.php\/wp-json\/wp\/v2\/types\/page"}],"author":[{"embeddable":true,"href":"https:\/\/lerumsbk.se\/index.php\/wp-json\/wp\/v2\/users\/6"}],"replies":[{"embeddable":true,"href":"https:\/\/lerumsbk.se\/index.php\/wp-json\/wp\/v2\/comments?post=1483"}],"version-history":[{"count":0,"href":"https:\/\/lerumsbk.se\/index.php\/wp-json\/wp\/v2\/pages\/1483\/revisions"}],"wp:featuredmedia":[{"embeddable":true,"href":"https:\/\/lerumsbk.se\/index.php\/wp-json\/wp\/v2\/media\/1484"}],"wp:attachment":[{"href":"https:\/\/lerumsbk.se\/index.php\/wp-json\/wp\/v2\/media?parent=1483"}],"curies":[{"name":"wp","href":"https:\/\/api.w.org\/{rel}","templated":true}]}}