{"id":140,"date":"2022-02-15T12:43:45","date_gmt":"2022-02-15T11:43:45","guid":{"rendered":"https:\/\/lerumsbk.se\/?page_id=140"},"modified":"2026-03-29T12:22:43","modified_gmt":"2026-03-29T11:22:43","slug":"utbildningssektorn-us","status":"publish","type":"page","link":"https:\/\/lerumsbk.se\/index.php\/utbildningssektorn-us\/","title":{"rendered":"Utbildningssektorn (US)"},"content":{"rendered":"<p><strong>Sammankallande i utbildningssektorn 2025:<\/strong><br>Malin Paepke \u00a0och Annika Lysell. &#x75;&#x74;&#x62;&#x69;&#x6c;&#x64;&#x6e;&#x69;&#x6e;&#x67;&#x40;<span class=\"oe_displaynone\">null<\/span>&#x6c;&#x65;&#x72;&#x75;&#x6d;&#x73;&#x62;&#x6b;&#x2e;&#x73;&#x65;<br><br>Sektorn har i uppgift att organisera utbildningsverksamhet.<\/p>\n\n\n\n<p><strong>Utbildningssektorn uppgift:<\/strong><br>&#8211; Lyssna p\u00e5 medlemmarnas \u00f6nskem\u00e5l om utbildning<br>&#8211; I samr\u00e5d med styrelsen och klubbens instrukt\u00f6rer arrangera kurser.<br>&#8211; Rekrytera blivande instrukt\u00f6rer.<br>&#8211; Arrangera utbildning av instrukt\u00f6rer.<br>&#8211; Arrangera instrukt\u00f6rsm\u00f6ten.<br>&#8211; H\u00e5lla kontakt med Medborgarskolan (nytt sedan 2021) \u2013 rapporter och samarbeta.<br>&#8211; Tillhandah\u00e5lla tr\u00e4nings- och kursmaterial<br>&#8211; Ansvara f\u00f6r att anm\u00e4lnings- och betalningsrutiner inom utbildningsomr\u00e5det fungerar och underlag l\u00e4mnas till kass\u00f6ren.<\/p>\n\n\n\n<p><strong>Bli instrukt\u00f6r i&nbsp; Lerums Brukshundklubb<\/strong>  &#8211;<a href=\"https:\/\/lerumsbk.se\/index.php\/bli-instruktor-i-lerums-brukshundklubb\/\" data-type=\"link\" data-id=\"https:\/\/lerumsbk.se\/index.php\/bli-instruktor-i-lerums-brukshundklubb\/\"> L\u00e4s mer h\u00e4r-&gt;<\/a><\/p>\n\n\n\n<p><\/p>","protected":false},"excerpt":{"rendered":"<p>Sammankallande i utbildningssektorn 2025:Malin Paepke \u00a0och Annika Lysell. &#x75;&#x74;&#x62;&#x69;&#x6c;&#x64;&#x6e;&#x69;&#x6e;&#x67;&#x40;null&#x6c;&#x65;&#x72;&#x75;&#x6d;&#x73;&#x62;&#x6b;&#x2e;&#x73;&#x65; Sektorn har i uppgift att organisera utbildningsverksamhet. Utbildningssektorn uppgift:&#8211; Lyssna p\u00e5 medlemmarnas \u00f6nskem\u00e5l om utbildning&#8211; I samr\u00e5d med styrelsen och klubbens instrukt\u00f6rer arrangera kurser.&#8211; Rekrytera blivande instrukt\u00f6rer.&#8211; Arrangera utbildning av instrukt\u00f6rer.&#8211; Arrangera instrukt\u00f6rsm\u00f6ten.&#8211; H\u00e5lla kontakt med Medborgarskolan (nytt sedan 2021) \u2013 rapporter och samarbeta.&#8211; Tillhandah\u00e5lla tr\u00e4nings- &hellip; <\/p>\n<p class=\"link-more\"><a href=\"https:\/\/lerumsbk.se\/index.php\/utbildningssektorn-us\/\" class=\"more-link\">Forts\u00e4tt l\u00e4sa<span class=\"screen-reader-text\"> \u201dUtbildningssektorn (US)\u201d<\/span><\/a><\/p>\n","protected":false},"author":2,"featured_media":0,"parent":0,"menu_order":0,"comment_status":"closed","ping_status":"closed","template":"","meta":{"footnotes":"","_wp_rev_ctl_limit":""},"class_list":["post-140","page","type-page","status-publish","hentry"],"_links":{"self":[{"href":"https:\/\/lerumsbk.se\/index.php\/wp-json\/wp\/v2\/pages\/140","targetHints":{"allow":["GET"]}}],"collection":[{"href":"https:\/\/lerumsbk.se\/index.php\/wp-json\/wp\/v2\/pages"}],"about":[{"href":"https:\/\/lerumsbk.se\/index.php\/wp-json\/wp\/v2\/types\/page"}],"author":[{"embeddable":true,"href":"https:\/\/lerumsbk.se\/index.php\/wp-json\/wp\/v2\/users\/2"}],"replies":[{"embeddable":true,"href":"https:\/\/lerumsbk.se\/index.php\/wp-json\/wp\/v2\/comments?post=140"}],"version-history":[{"count":3,"href":"https:\/\/lerumsbk.se\/index.php\/wp-json\/wp\/v2\/pages\/140\/revisions"}],"predecessor-version":[{"id":6102,"href":"https:\/\/lerumsbk.se\/index.php\/wp-json\/wp\/v2\/pages\/140\/revisions\/6102"}],"wp:attachment":[{"href":"https:\/\/lerumsbk.se\/index.php\/wp-json\/wp\/v2\/media?parent=140"}],"curies":[{"name":"wp","href":"https:\/\/api.w.org\/{rel}","templated":true}]}}